?
17656
In base 4, what is 1 + -10232032?
-10232031
In base 11, what is -584 - 262?
-836
In base 6, what is 100543 + 14?
101001
In base 7, what is -300426 - -3?
-300423
In base 9, what is -10010 + -3?
-10013
In base 4, what is -1031 - -1000003?
332312
In base 16, what is -16bb + 3?
-16b8
In base 13, what is -2 - -41c?
41a
In base 10, what is 0 + 4050?
4050
In base 16, what is -a58f + -3?
-a592
In base 6, what is -4253 - -2501?
-1352
In base 4, what is 13330 - 11022?
2302
In base 4, what is 10010 - -2100130?
2110200
In base 16, what is 22c0 - 7?
22b9
In base 5, what is -2 + 103121320?
103121313
In base 14, what is -b040 + -4?
-b044
In base 13, what is -18 + -16a6?
-16c1
In base 3, what is 100212 + 12220?
120202
In base 13, what is -1 + -a72b?
-a72c
In base 11, what is -374 - -1a?
-355
In base 2, what is -11001100 + 11000100011010?
11000001001110
In base 3, what is 200202 - -1201?
202110
In base 9, what is 5 - 10687?
-10682
In base 12, what is -299 + 1815?
1538
In base 16, what is 4891 + 7?
4898
In base 16, what is -6 + 12d56?
12d50
In base 8, what is 2 + -31743?
-31741
In base 12, what is -7 - -36066?
3605b
In base 15, what is -1 - -abc?
abb
In base 3, what is -122121 + -12022?
-211220
In base 2, what is 10110001 + -1011111?
1010010
In base 2, what is -101101000111 - 101?
-101101001100
In base 6, what is 3 - -225001?
225004
In base 9, what is -55 - 655?
-721
In base 3, what is 12 + -1221112021211?
-1221112021122
In base 14, what is -6597 + 3?
-6594
In base 12, what is -158120 + 3?
-158119
In base 13, what is -5c65 + -4?
-5c69
In base 3, what is -101202 + 10102021?
10000112
In base 8, what is -146 + -167?
-335
In base 7, what is 5 + 2100454?
2100462
In base 8, what is -1203 + -67?
-1272
In base 16, what is 4bc28 - 4?
4bc24
In base 4, what is 22 + -21213230?
-21213202
In base 6, what is 21 - -4403455?
4403520
In base 13, what is -6 + 1bc7?
1bc1
In base 15, what is -5 + -28d5?
-28da
In base 6, what is -1 + -23234?
-23235
In base 8, what is 31 + -11752?
-11721
In base 9, what is -5 + 64076?
64071
In base 5, what is 1443023 + -3?
1443020
In base 14, what is -3b77 - -2b?
-3b4a
In base 13, what is -2 - -2000?
1ccb
In base 7, what is 0 + -452162?
-452162
In base 7, what is -12 - -4531?
4516
In base 12, what is -4396 - 34?
-440a
In base 5, what is -133004 + 3?
-133001
In base 14, what is 12 + 412d?
4141
In base 8, what is 37 - 703?
-644
In base 10, what is 5 - -612547?
612552
In base 6, what is 0 - 20553412?
-20553412
In base 6, what is 32 + -153?
-121
In base 13, what is 0 - 60a2?
-60a2
In base 16, what is -4a - -2c?
-1e
In base 7, what is 360355 + 3?
360361
In base 13, what is -6704 + -2?
-6706
In base 14, what is -13154 - -6?
-1314c
In base 9, what is 0 + -5426?
-5426
In base 2, what is 1001110 - -101011001?
110100111
In base 4, what is -20312002 - 331?
-20312333
In base 14, what is 5528 + 11?
5539
In base 5, what is -30 + -4?
-34
In base 12, what is -6600 - -6?
-65b6
In base 11, what is -1 + 151068?
151067
In base 8, what is 6 - -766466?
766474
In base 4, what is 10 - 203330322?
-203330312
In base 12, what is -11a358 + 1?
-11a357
In base 8, what is -362 - 134?
-516
In base 5, what is -21214 - -11?
-21203
In base 14, what is -31b4a6 - 5?
-31b4ab
In base 9, what is -88 - -620?
521
In base 10, what is 368 - -2202?
2570
In base 8, what is 5473 + 124?
5617
In base 16, what is 57c5 - 40?
5785
In base 11, what is -1 - 4140?
-4141
In base 9, what is 1 - 14775?
-14774
In base 2, what is 10001010 + 10100111?
100110001
In base 4, what is -113 + 1103213?
1103100
In base 3, what is -10122212 - 11220?
-10211202
In base 10, what is 7897 - -271?
8168
In base 11, what is -17786 - -4?
-17782
In base 4, what is -321211 + -1010?
-322221
In base 13, what is -1 + 18064?
18063
In base 16, what is -160 + -2f?
-18f
In base 4, what is -10113023120 - -2?
-10113023112
In base 16, what is -5 - 28d2?
-28d7
In base 12, what is -2a850 + -4?
-2a854
In base 7, what is 10026424 - -5?
10026432
In base 4, what is 1232021 - -12?
1232033
In base 7, what is -46412 - 124?
-46536
In base 3, what is -212022121 - -11?
-212022110
In base 9, what is -4 + 251311?
251306
In base 9, what is -272741 - 1?
-272742
In base 14, what is 234b - -131?
247c
In base 8, what is 7 + -15735?
-15726
In base 10, what is -2171 + 547?
-1624
In base 4, what is -11 - 10101011302?
-10101011313
In base 2, what is -111011111111111100 - -100010?
-111011111111011010
In base 6, what is -5022 - 220?
-5242
In base 2, what is -1 + -110001111000011?
-110001111000100
In base 9, what is 0 - 74032?
-74032
In base 16, what is -28c + -51?
-2dd
In base 5, what is 11234 + -321?
10413
In base 10, what is -131 + -608?
-739
In base 2, what is 1100100 - 11000011100?
-10110111000
In base 10, what is -4 + -205172?
-205176
In base 10, what is 498 + 303?
801
In base 3, what is -2112 + -20111?
-100000
In base 7, what is 4 + 433?
440
In base 10, what is -4 - -24413?
24409
In base 11, what is 2193 + -16?
2178
In base 10, what is 11016 - -1?
11017
In base 14, what is -140 - -27?
-117
In base 7, what is -15226632 - -5?
-15226624
In base 6, what is -2235 - 215?
-2454
In base 6, what is 25 + 244112?
244141
In base 2, what is 1000 - -101101011000011001?
101101011000100001
In base 16, what is -4 - -b452?
b44e
In base 7, what is -35 + 464?
426
In base 8, what is -3301 - 1214?
-4515
In base 7, what is -161 - -1030?
536
In base 2, what is -101000011 - -10?
-101000001
In base 11, what is 19 + 6243?
6261
In base 8, what is -516670 + -1?
-516671
In base 9, what is -747 + 201?
-546
In base 12, what is -6 + 291b9?
291b3
In base 3, what is 102 - -20201111121?
20201112000
In base 2, what is 110 - -1001101000000010?
1001101000001000
In base 12, what is -6b395 - -2?
-6b393
In base 8, what is 426623 - 0?
426623
In base 8, what is -23604 + 0?
-23604
In base 6, what is -214444 - 3?
-214451
In base 8, what is 206 - 2244?
-2036
In base 6, what is 1 - -414433?
414434
In base 10, what is -75 + -39?
-114
In base 4, what is -123120212 - -2?
-123120210
In base 11, what is -1 - -37062?
37061
In base 8, what is 1020 + 3446?
4466
In base 5, what is 3044410 - 4?
3044401
In base 3, what is -21001001222 - 12?
-21001002011
In base 13, what is 2 + 4116?
4118
In base 2, what is 101110001101 + -1110000?
101100011101
In base 9, what is 5 + -644654?
-644648
In base 14, what is 15 + -67c?
-667
In base 5, what is -11423344 + 13?
-11423331
In base 4, what is -2101022320 + 3?
-2101022311
In base 9, what is -26 + -12124?
-12151
In base 7, what is 356055 - 2?
356053
In base 9, what is 2741 - 112?
2628
In base 12, what is -3 - b311?
-b314
In base 16, what is -6f666 + 4?
-6f662
In base 5, what is -144233 - -40?
-144143
In base 14, what is -45 + -169?
-1b0
In base 16, what is 0 - 12630?
-12630
In base 16, what is 72 + -2c?
46
In base 6, what is 1111212 + -5?
1111203
In base 10, what is 108157 + 2?
108159
In base 6, what is -2 + -1344002?
-1344004
In base 7, what is 146 + -1462?
-1313
In base 4, what is 3110002 - -1003?
3111011
In base 9, what is 523 + -12?
511
In base 6, what is 3 + 1105034?
1105041
In base 11, what is 114052a + 3?
1140532
In base 13, what is -20a322 - 7?
-20a329
In base 13, what is -1 + 43b52?
43b51
In base 13, what is -10b + -49?
-157
In base 7, what is 5162 - -3246?
11441
In base 6, what is 15 - -3542?
4001
In base 15, what is 51a7 + -1?
51a6
In base 11, what is -16 + 175184?
175169
In base 11, what is 8 - -109361?
109369
In base 10, what is -2 + 2536?
2534
In base 9, what is 2 - -10860?
10862
In base 9, what is 5 - 227805?
-227800
In base 3, what is 2011 + 122220122?
122222210
In base 16, what is -1eb - 5f?
-24a
In base 16, what is 74661 - -4?
74665
In base 6, what is 1011 - -110424?
111435
In base 16, what is 4 - -da8f?
da93
In base 3, what is 11221100100 - -20?
11221100120
In base 11, what is -13895 + -6?
-138a0
In base 4, what is -1 - -11020103?
11020102
In base 5, what is -3424 - -444?
-2430
In base 4, what is 122221001 - -11?
122221012
In base 8, what is 5 + 41376?
41403
In base 12, what is -14 + -3658?
-3670
In base 4, what is 3 + 20030222?
20030231
In base 11, what is 47 + -a18?
-981
In base 16, what is b5d8f + 5?
b5d94
In base 4, what is -110 - 212010?
-212120
In base 11, what is -15843 + 0?
-15843
In base 11, what is -156 - -1641?
1496
In base 12, what is a